 -2*f. Let u be (-46 + 7)/13 + 15 + 0. Suppose -132 = -u*r + 36. What is the greatest common factor of f and r?
14
Let b be 18/(-81) - (-3 + 50/18). Suppose 2*c - 11*c + 342 = b. Calculate the highest common divisor of c and 38.
38
Suppose -222*k - 23654 = -208958 - 32256. What is the greatest common divisor of 60 and k?
20
Let x = -1019 + 1028. Let v(p) = 33*p + 9. Let i be v(x). What is the highest common divisor of 90 and i?
18
Let j = 423 + -372. Let f(i) = -i. Let a be f(-5). Suppose a*h - 112 = 58. Calculate the highest common divisor of j and h.
17
Suppose 213 = i - 3*g, -57 - 135 = -i - 4*g. Suppose -i = -4*y - u, 5*u + 230 = 5*y - 0*y. Calculate the highest common divisor of 10 and y.
10
Let c = 1093 - 1085. Let y be (-357)/(-9) + 8/24. What is the highest common factor of y and c?
8
Suppose 18*h = 121 + 59. What is the highest common factor of h and 670?
10
Let m be 3201 + 5 - 15/(-3 - 0). What is the greatest common divisor of 52 and m?
13
Let j(w) = w**2 + 428*w + 18. Let a be j(0). Calculate the greatest common divisor of a and 3870.
18
Suppose -58*o + 18*o = 49*o - 7565. Calculate the highest common factor of 969 and o.
17
Let p = -211 + 381. Suppose 0 = -a + 6*a - p. Let l = a - 13. Calculate the highest common divisor of 42 and l.
21
Suppose -13543 = -28*n - 2287. Suppose -n*r + 28 = -401*r. Calculate the greatest common divisor of 36 and r.
4
Suppose 2*u + 8 = 3*u. Let h = 5 - 3. Let m be (h + 268/(-6))/((-8)/12). Calculate the highest common divisor of m and u.
8
Suppose -2*m + 2138 = 13*h - 12*h, -5*h - 3*m + 10641 = 0. What is the greatest common divisor of 295 and h?
59
Let o be (-15)/6*(-20 - -4). Let g be 7540/29 + 0/1. What is the highest common factor of g and o?
20
Suppose 4*z - u = 131, -3*z - 3*u + 61 = -26. Suppose -845 = 14*l - 901. Calculate the greatest common factor of l and z.
4
Let m(o) = 9*o**2 - 22*o - 3. Let w(z) = z**2. Let d = -54 - -55. Let i(n) = d*m(n) - 5*w(n). Let q be i(6). What is the highest common divisor of q and 63?
9
Let s be 552/(-64)*56/(-21). What is the greatest common divisor of s and 15479?
23
Suppose 4 = 2*z - 16. Let c(w) = w**3 - 11*w**2 + 27*w - 106. Let p be c(9). Let j be 5 - 1*(p + -10). Calculate the greatest common factor of z and j.
10
Suppose 5*z + 8*j = 5*j + 57, -61 = -5*z - 4*j. Let s(u) = 6*u**2 - 47*u - 15. Let v be s(z). What is the greatest common factor of 3 and v?
3
Let k be (-19)/(-5) - 10/(-50). Suppose -k*y + 74 = -86. Let g be (-1368)/(-190)*(0 + y). Calculate the highest common factor of g and 36.
36
Let z = 7396 - 6961. Calculate the highest common factor of 3335 and z.
145
Let d(j) = 65*j - 854. Let c be d(26). What is the highest common factor of c and 32?
4
Let w be 1 - ((-2)/(-4))/((-4)/16). Suppose 3*d - 2 = x + 9, -27 = -w*x - 3*d. Let z = 2 + x. Calculate the highest common factor of z and 54.
6
Suppose -29 = 2*v + 29. Let j = v - -104. Let k = -781485 + 781545. Calculate the greatest common factor of k and j.
15
Suppose q - 98 = -0*q. Let c = 176 - -94. Let u = -256 + c. What is the highest common divisor of q and u?
14
Suppose -71*l - 61*l + 1291881 = 152325. Calculate the greatest common divisor of l and 97.
97
Suppose 72*v - 7139456 = -217*v. Calculate the highest common factor of v and 64.
64
Suppose -6 = -5*d - 1. Let k be -14 - (-7 + 21/7). Let w be (1/(-2))/(k/40). Calculate the highest common divisor of w and d.
1
Suppose -109 + 1101 = -31*o. Let u be ((-36)/(-6))/((-3)/o). What is the greatest common divisor of u and 16?
16
Suppose -2*u + 396 = -4*q, 2*u = 5*q + 311 + 88. What is the highest common divisor of 36 and u?
12
Let r = -9744 - -9846. What is the highest common divisor of r and 1394?
34
Suppose 12*v = 16*v + 252. Let q = v - -128. What is the greatest common factor of 13 and q?
13
Let u(y) = 144*y**2 - 12*y - 7. Let b be u(-1). What is the highest common factor of 12218 and b?
149
Suppose -2*t = -6*t - 5*o + 200, -3*t = -2*o - 150. Suppose -5*x = -t + 30. Let s be -1 - (-3 + -50 + x). Calculate the greatest common factor of 72 and s.
24
Let r(n) = 2*n**3 - 23*n**2 + 7*n + 48. Let o be r(11). Suppose 4*s + 8 = p + 5*s, o*p - 36 = -3*s. Calculate the greatest common factor of p and 30.
6
Suppose 11*x = 1 - 67. Let m = -4 - x. Suppose 146 = 2*h + 2*d, d + 84 = m*h - 50. Calculate the highest common factor of h and 46.
23
Let b(c) = -c**3 + 54*c**2 + 369*c - 360. Let u be b(60). Calculate the highest common factor of u and 1665.
45
Suppose -4 = -3*s + 26. Suppose s*f - 8 = 9*f. Let r be -2*(-3)/(9/12). What is the greatest common factor of r and f?
8
Let p(h) = -9*h - 43. Let w be p(-17). Let v = w + -62. Suppose 5*y - 3*l = v, 4*l = 2*y - 4*y + 14. What is the highest common factor of y and 54?
9
Let u(j) = 323*j - 3. Let q be u(-3). Let p be -1*(q/(-3))/(-3). Let g = p + 189. What is the greatest common divisor of 27 and g?
27
Let r = 225 + -204. Suppose -2*l = -i + 4, l + 1 = -2*i + 2*l. Let g = r + i. Calculate the greatest common divisor of 152 and g.
19
Let a be (-1 - 8)/((-1225)/110 + 11). Calculate the greatest common factor of 495 and a.
33
Suppose 28*j = 2780 + 5760. Calculate the greatest common factor of 976 and j.
61
Let a = -4 + 160. Suppose -6*z = -19*z + a. Calculate the greatest common divisor of z and 14.
2
Suppose -3*m - 5*h - 95 = -7*m, -4*m + 89 = -3*h. Suppose -15*u - m*u = -3675. Calculate the greatest common divisor of 60 and u.
15
Let z = 105 + -221. Let j = z + 180. What is the greatest common factor of 8 and j?
8
Let n(d) be the second derivative of -1/6*d**4 + 0 - 34*d - 1/20*d**5 + 0*d**2 + 1/6*d**3. Let u be n(-3). What is the greatest common divisor of u and 66?
6
Suppose 13*l - 18 = 4*l. Suppose n - 6 = 2*s, l*n + 5*s = n - 1. Let y be (0 + (-2)/n)*(-60 - -2). Calculate the highest common factor of 319 and y.
29
Let i = -5 + 7. Let y(k) = 3*k + 61. Let g be y(-15). Suppose -5*d + g + 4 = 0. Calculate the highest common divisor of d and i.
2
Suppose 2*o = -q + 3*q - 254, -2*q - 4*o + 236 = 0. Let z be 6 + (-9)/3 + 1. Suppose z*n = -6*n + 310. What is the highest common divisor of q and n?
31
Suppose q - 23 = 2*a + a, -4*a - 49 = -5*q. Let v be 375/20 - a/(-8). Let g = v + -5. Calculate the highest common factor of 52 and g.
13
Let y be ((-10486)/28 + -5)*-22. What is the highest common divisor of y and 138?
69
Let l(g) = 50*g**2 - 360*g - 1071. Let t be l(-3). What is the highest common divisor of 357 and t?
51
Let s be (-1 - 0) + 1 - -27. Suppose 0 = r + 3*x + 13, 26 = -5*x + 1. Let i be 98/r + (3 - 38)/(-7). What is the highest common divisor of s and i?
27
Let h(z) = -48*z. Let n = 264 - 266. Let g be h(n). What is the highest common factor of g and 8?
8
Suppose 18722 = 15*s - 7100 - 3338. What is the highest common divisor of 1080 and s?
216
Let b(m) = 4*m**2 - 10*m + 20. Let j be b(6). Let z be 1221/814*(-624)/(-2). Calculate the highest common divisor of j and z.
52
Let y(t) = -3*t - 12. Let s be y(-8). Let h = -1698 - -1707. Calculate the greatest common factor of h and s.
3
Let i be (-1 + 2)/(7*(-7)/(-49)). Let c be (-3)/i*(2 - 3) - -51. Calculate the greatest common divisor of 12 and c.
6
Suppose -w - 2*i = -19, -3*w + 8*w + 2*i - 79 = 0. Suppose 363 + 12867 = 98*k. What is the highest common divisor of k and w?
15
Suppose 0 = -0*z + 5*z + 4*t - 16, -z = 2*t - 2. Suppose z*r - 332 = 5*j, 3*r = 9*j - 6*j + 252. What is the greatest common divisor of r and 22?
22
Let h be 0/(4/4) + 828/(-2). Let m = -264 - h. Suppose m = -61*r + 66*r. Calculate the greatest common divisor of r and 50.
10
Suppose -10*z - 32 = -8*z. Let m be (-2664)/z - (18/4)/(-3). Let s = 48 + -27. What is the highest common factor of m and s?
21
Let g = -30279 + 30291. Let m = -72 + 120. Calculate the highest common divisor of g and m.
12
Let l be -4*(4 + 13/(-2))/2. Let q be 4/(-14) + (-3 - (-792)/28). What is the greatest common divisor of l and q?
5
Let i be (8 + -7)/(1 + (-621)/618). Let c = 263 + i. Calculate the greatest common divisor of c and 399.
57
Suppose 3*t - 4*t = 88*t - 712. Calculate the highest common divisor of t and 24664.
8
Let o = 11017 + -10081. Calculate the highest common divisor of 408 and o.
24
Suppose 16*s - 183638 = 17610. What is the greatest common factor of s and 38?
38
Let b = 42 - -21. Let z be 3